False
Suppose 0 = 3*a - 4*a - 11. Suppose 3*i = -3, -3*r = -0*r + 2*i - 70. Let b = a + r. Is b composite?
False
Is ((-258)/2 + -1)/(-2) a prime number?
False
Suppose -v = 2*v. Suppose v = 2*o - 7 - 159. Is o a prime number?
True
Suppose 3*n - 6*n + 162 = 0. Suppose k = n - 5. Is k composite?
True
Let c be ((-20)/25)/((-2)/10). Suppose -c = -4*k + 4. Suppose 121 = r + k*a, -r + 166 - 48 = -a. Is r a composite number?
True
Let b be (-70)/(-1) - 0/1. Let z = 116 - b. Is z composite?
True
Let w = -10 - -15. Let h(a) = 3*a - 5. Is h(w) composite?
True
Let x(z) = z**3 - 10*z**2 + 9*z - 1. Is x(10) prime?
True
Let a be 3/(0 - -3) + 2. Is 293 + (-3 - 0) + a prime?
True
Let y(c) = -3*c - 12. Let t be (-184)/(-44) - (-4)/(-22). Suppose t*f + 25 = -11. Is y(f) composite?
True
Let x(o) = o + 1. Let i(y) = 56*y + 3. Let t(m) = -i(m) + 2*x(m). Is t(-1) composite?
False
Suppose 4*g - u - 18 = 0, -5*u = -5*g + 11 + 4. Suppose -4*r = -4*f + 48, 0 = 2*r - g*f + 17 + 13. Is ((-132)/r)/(4/10) a composite number?
True
Let t(m) = -m. Let a(x) = x**3 + 4*x**2 + x + 5. Let r(b) = a(b) + t(b). Let j be r(-4). Suppose j*c = 6 + 39. Is c prime?
False
Suppose -b + 2*z - 15 = -4*b, -4*b + 5*z = -20. Suppose 0 = -b*f - 25, -5*n + 2*f = -2*f - 1925. Is n prime?
False
Is 16237/117 + (-2)/(-9) a composite number?
False
Let k(n) = 6 + 3*n**3 - 3*n**2 - 3 + 0 - 2*n. Is k(4) a composite number?
False
Let x be (12/5)/(16/40). Let s(g) = 19*g - 5. Is s(x) composite?
False
Suppose -r = -2*r + 10. Suppose 0 = -u + 2*u + 3*q - 2, 5*u + 4*q = r. Suppose 2*y - 18 = u. Is y prime?
False
Suppose -d - d = -4. Suppose -3*z = -d*z, -3*b + 78 = 3*z. Is b a prime number?
False
Suppose -5*j + 19 = -4*p, 4*j - j + 2*p - 7 = 0. Suppose 4*u + 74 = 2*g, 0*u = -j*g - 2*u + 95. Is g composite?
True
Is (3/6*-1)/(1/(-1082)) a composite number?
False
Let p(f) be the second derivative of -f**3/6 + f**2/2 - 4*f. Let u be p(1). Suppose u = 4*g + 29 - 305. Is g a prime number?
False
Let j(t) = -9*t**2. Let b be j(3). Let k = 253 + -126. Let a = b + k. Is a prime?
False
Suppose 0 = 2*o - 4*i - 5510, 2*o - 5*i = 6572 - 1059. Is o a prime number?
True
Let n = 305 + -27. Suppose 0 = 2*m + 2*t - 278, 2*t = 2*m - t - n. Let r = m + -6. Is r a composite number?
True
Let y(u) = u**3 - 14*u**2 + 16*u - 4. Suppose 3*h - 4*h - 3*z = -28, -5*h - 3*z + 80 = 0. Is y(h) prime?
False
Let c(u) = 181*u**2 - u - 3. Is c(2) composite?
False
Let u be (-12)/(-9)*3/2. Let a = 0 + u. Suppose 20 = -0*n + a*n. Is n prime?
False
Let o(f) = -90*f - 16. Let d be o(8). Let s = d + 1317. Is s prime?
False
Suppose 4*f = -2*x + 126, 2*x + 3 = -x. Suppose 3*c = 4*r + 96, -c + 2*r - r + f = 0. Suppose -5 + c = 3*i. Is i a prime number?
False
Let z(d) = -d**2 - 9*d + 5. Is z(-7) composite?
False
Suppose -3*n = -2*b - 0*b - 810, 5*b = -4*n - 2002. Is (-1)/((-3)/b*-2) prime?
True
Is (-4)/(-14) - 22458/(-42) a composite number?
True
Suppose 770 = 7*g + 7. Is g a prime number?
True
Let c = -275 + 393. Let r = 29 + -56. Let x = r + c. Is x a prime number?
False
Suppose 0 = -4*u + 3*u + 115. Is u prime?
False
Let a(j) = -24*j**3 - 2*j**2 + 3. Let d(w) = -w**2 + 8*w + 6. Let q be d(9). Is a(q) a composite number?
True
Suppose -11*r + 172 = -2721. Is r composite?
False
Let q = -1 - -6. Suppose -4*a = -4*c - 476, -2*a - 95 = -3*a - q*c. Is a composite?
True
Let n = -147 + 440. Is n prime?
True
Let x be 1/2 - (-1)/(-2). Suppose x = 3*h - 3*s - 9, -4*h - 2*s - 3*s = -3. Suppose 4*d = -h*n + 44, 2*n + 2*d - d - 44 = 0. Is n composite?
True
Let u be (-16)/40 - (-1504)/10. Suppose -5*i + 365 + u = 0. Is i prime?
True
Let d be ((-12)/(-10))/((-12)/(-40)). Suppose d*a - 233 = 3*a. Is a a composite number?
False
Let r be (2/6)/((-2)/(-12)). Suppose -t = -4*v + 520, 3*t = -r*v + v + 130. Suppose v + 31 = b. Is b composite?
True
Suppose -4*r - 1025 = -0*r + 5*n, 0 = -2*r + 3*n - 529. Let s = r + 553. Is s a composite number?
False
Suppose -3*j = 3*v - 1478 - 247, -3*v + 1741 = -5*j. Is v composite?
False
Let n(i) = i**3 - 5*i**2 + 3*i - 7. Let l(t) = 2*t**2 + 3*t - 3. Let r(u) = -u**2 + u - 3. Let k be r(0). Let p be l(k). Is n(p) a prime number?
True
Is (12886/85)/(2/5) a prime number?
True
Let y be (10/(-25))/(1/(-145)). Let n = y - -27. Is n prime?
False
Suppose -j + 81 = 2*v, 5*v + 4*j - 3*j = 207. Is -2 - (1 + 2 - v) composite?
False
Suppose -2*a + 3*a = 2. Let p = a - 31. Let g = -15 - p. Is g a composite number?
True
Let s = -9 + 98. Is s composite?
False
Let b = -46 - -94. Let x be (11/4)/(4/b). Suppose -3*g = -2*g - x. Is g composite?
True
Let f be 195/9 - 4/(-12). Suppose w = -w + f. Is w a prime number?
True
Let j(i) = i**3 + 6. Is j(5) composite?
False
Let l(y) = 0 + 5*y - 4*y + 3. Is l(4) a composite number?
False
Let q = -5 + 7. Suppose -5*h = 4*i + 8, 3*i - 2*i + 1 = -h. Suppose -12 = i*k, -z + k + 49 = q*k. Is z composite?
False
Let p be (-52)/14 - 10/35. Is (-168)/18*6/p a composite number?
True
Let m = -2 - 1. Let v be m + (20/2)/2. Suppose -v*u = -5*n + 203, 114 = 2*n - 5*u + 16. Is n a composite number?
True
Is (-4 + 5)*(-3 + 116) a prime number?
True
Let f(g) = 67*g - 6. Let i be f(4). Suppose -m - a = -6*m + i, -3*a + 115 = 2*m. Is m prime?
True
Let o(a) = -a**2 - a - 1. Let m be o(0). Let f = 3 + m. Suppose -63 = -i - f*i. Is i prime?
False
Let v(r) = -2*r**3 - 2*r**2 + r + 2. Let n(y) be the first derivative of y**3/3 + 4*y**2 + 9*y - 2. Let d be n(-6). Is v(d) a prime number?
False
Suppose 2*b - 118 - 1999 = 3*x, 2*x = -2. Is b composite?
True
Let p(w) = w**2 - 7*w - 8. Let q be p(8). Suppose q = -0*u - u + 127. Is u composite?
False
Suppose 5*d - 2*f = 1043, -2*f + 631 = 3*d + 2*f. Is d a prime number?
False
Suppose -6*p = -3*p - 93. Is p a composite number?
False
Suppose -2*g - 9 - 4 = -3*l, l + 5*g - 10 = 0. Suppose a = -l*j + 15, -2*a + 0*a - j + 30 = 0. Is 32/5 - 6/a composite?
True
Let u(w) = -w + 35. Let i be u(0). Let p(b) = -161*b - 10. Let s be p(-5). Is s/i - (-4)/14 a composite number?
False
Let m(z) = 0 + 4 + 6*z + 18*z. Let b be m(4). Let s = b - 67. Is s composite?
True
Let l = 6 - 4. Let s be 4/(0 - 4) - 2. Is (s + -34)*l/(-2) a prime number?
True
Let p(r) = -r - 1. Let w be p(-1). Suppose -2*f + 29 + 139 = w. Is (2/(-6))/((-4)/f) a prime number?
True
Let w(m) = -20*m + m - 14*m - 2*m + 5. Is w(-6) a composite number?
True
Let k = -5 + -2. Is (-485)/k + (-4)/14 a composite number?
True
Suppose 84 = 4*r - 148. Is r composite?
True
Suppose -w - 67 = 184. Let s = 364 + w. Is s composite?
False
Suppose -2*p - 38 = -4*p. Is p composite?
False
Is ((-239)/3)/((-4)/12) prime?
True
Suppose h + u = 795, -1137 = 5*h - 2*u - 5126. Is h a composite number?
False
Let o = 393 - 238. Suppose -2*m + 3*p = 3*m - 6, m + 8 = -4*p. Suppose 2*v - 7*v = -3*c - o, m = -2*v - 4*c + 62. Is v a prime number?
True
Let b = -5 + 5. Let l = 9 + b. Is l a composite number?
True
Suppose -2*d - 117 = -619. Is d a composite number?
False
Let v = 1 - -7. Let l = 34 - v. Is l prime?
False
Suppose -2*a = -6*a + 16. Suppose a*o - 9 = 7. Is o*(73/4 + -2) a composite number?
True
Suppose 4*z - 6*z - 14 = -4*i, -1 = i + 4*z. Let n(d) = d**2 + 3 - 2*d - 2 + 2. Is n(i) a prime number?
False
Let u(r) = r**2 + 7*r + 8. Let h be u(-6). Suppose 10 = w - 0*q - 3*q, 2*w = h*q. Is (-1 + w/(-2))*26 prime?
False
Let v be -1*((-9)/(-3) - 2). Let k = v + 3. Is k composite?
False
Is (3/(-6)*1)/((-6)/276) prime?
True
Let h be (-4)/(-5)*10/4. Is 130/(0 - (0 - h)) a prime number?
False
Is -3 - ((-2 + -189)*2 + 2) a prime number?
False
Suppose 2*s + 24 + 46 = 0. Let v = 48 - s. Is v a prime number?
True
Suppose 2*k = b - 25, 3*k + 3*b - 53 = 7*k. Let v(i) = i**3 + 10*i**2 - 10*i + 11. Let r be v(k). Suppose r = -4*c + 7*c - 387. Is c a composite number?
True
Suppose -3*j = 2*j - 2055. Is j a composite number?
True
Suppose -d = 2*b - 39, -145 = -4*d + b + 2*b. Is d composite?
False
Is (-12288)/(-18) + (-4)/(-12) composite?
False
Suppose x = -3*x + 52. Suppose -x = -5*d + 27. Let f = d - 5. Is f prime?
True
Suppose -2*r = -8 - 4. Let t = -4 + r. Suppose -381 = f - 4*f - q, -t*q = -3*f + 381. Is f a prime number?
True
Suppose 0 = -3*d - 5*i - 10, -5*d + 5*i + 20 = 6*i. Suppose -4*w = -6*g + 2*g, 4*g + d*w = 0. Suppose g = m - 81 - 154. Is m a composite number?
True
Let t = 36